{"id":25,"date":"2016-06-13T17:19:41","date_gmt":"2016-06-13T17:19:41","guid":{"rendered":"http:\/\/txominbarullo.com\/?page_id=25"},"modified":"2018-08-06T15:35:54","modified_gmt":"2018-08-06T15:35:54","slug":"actividad-barullera","status":"publish","type":"page","link":"http:\/\/txominbarullo.com\/?page_id=25&lang=es","title":{"rendered":"Actividad Barullera"},"content":{"rendered":"<p>Como comparsa tenemos actividad durante todo el a\u00f1o.<\/p>\n<p>SANTO TOMAS<\/p>\n<p>El 21 de Diciembre se celebra la fiesta de Santo Tom\u00e1s en la Plaza Nueva y el Arenal bilbainos.&nbsp;El origen de la fiesta se ubica probablemente en la celebraci\u00f3n de un mercado popular coincidiendo con el d\u00eda de pago de rentas, a pesar de su nombre religioso.<\/p>\n<p>Este d\u00eda los barulleros colaboramos en la fiesta ayudando a Bilboko Konpartsak en lo necesario para montaje y desmontaje de la txozna, turnos, etc&#8230;y como no, bebiendo sidra y txakoli y comiendo talo.<\/p>\n<p>CARNAVALES<\/p>\n<p>ARROCES DEL MUNDO<\/p>\n<p>SUBIDA AL TXOZNAGANE<\/p>\n<p>KONPARTSAKIDE EGUNA<\/p>\n<p>ASTE NAGUSIA<\/p>\n<p>FIESTA DE OTO\u00d1O<\/p>\n<p>&nbsp;<\/p>\n<p>&nbsp;<\/p>\n<p><iframe src=\"https:\/\/calendar.google.com\/calendar\/embed?src=9ep911rdvt72er75m8hh6fodm0%40group.calendar.google.com&#038;ctz=Europe\/Madrid\" style=\"border: 0\" width=\"800\" height=\"600\" frameborder=\"0\" scrolling=\"no\"><\/iframe><br \/>\n<iframe src=\"https:\/\/calendar.google.com\/calendar\/embed?src=onbb8veia87h9vacgm210ln26c%40group.calendar.google.com&#038;ctz=Europe\/Madrid\" style=\"border: 0\" width=\"800\" height=\"600\" frameborder=\"0\" scrolling=\"no\"><\/iframe><\/p>\n","protected":false},"excerpt":{"rendered":"<p>Como comparsa tenemos actividad durante todo el a\u00f1o. SANTO TOMAS El 21 de Diciembre se celebra la fiesta de Santo Tom\u00e1s en la Plaza Nueva y el Arenal bilbainos.&nbsp;El origen de la fiesta se ubica probablemente en la&#8230; <a class=\"read-more\" href=\"http:\/\/txominbarullo.com\/?page_id=25&#038;lang=es\">Read More<\/a><\/p>\n","protected":false},"author":1,"featured_media":969,"parent":0,"menu_order":0,"comment_status":"closed","ping_status":"closed","template":"template-full.php","meta":{"ngg_post_thumbnail":0},"_links":{"self":[{"href":"http:\/\/txominbarullo.com\/index.php?rest_route=\/wp\/v2\/pages\/25"}],"collection":[{"href":"http:\/\/txominbarullo.com\/index.php?rest_route=\/wp\/v2\/pages"}],"about":[{"href":"http:\/\/txominbarullo.com\/index.php?rest_route=\/wp\/v2\/types\/page"}],"author":[{"embeddable":true,"href":"http:\/\/txominbarullo.com\/index.php?rest_route=\/wp\/v2\/users\/1"}],"replies":[{"embeddable":true,"href":"http:\/\/txominbarullo.com\/index.php?rest_route=%2Fwp%2Fv2%2Fcomments&post=25"}],"version-history":[{"count":6,"href":"http:\/\/txominbarullo.com\/index.php?rest_route=\/wp\/v2\/pages\/25\/revisions"}],"predecessor-version":[{"id":1048,"href":"http:\/\/txominbarullo.com\/index.php?rest_route=\/wp\/v2\/pages\/25\/revisions\/1048"}],"wp:featuredmedia":[{"embeddable":true,"href":"http:\/\/txominbarullo.com\/index.php?rest_route=\/wp\/v2\/media\/969"}],"wp:attachment":[{"href":"http:\/\/txominbarullo.com\/index.php?rest_route=%2Fwp%2Fv2%2Fmedia&parent=25"}],"curies":[{"name":"wp","href":"https:\/\/api.w.org\/{rel}","templated":true}]}}